0 = -11*i - 2*h, -4 = 2*h. What is the hundreds digit of i?
2
Suppose 0*f - 65 = -c - 2*f, 0 = c + 4*f - 59. Suppose 4*l + 2*o = 112, -3*l - 10*o + 91 = -5*o. Suppose 7*a - c - l = 0. What is the units digit of a?
4
Suppose -65*a = -206764 - 51026. What is the units digit of a?
6
Let i be 2/3 - 84/(-63). Let a(m) = -m**3 + 2*m**2 + 2*m - 4. Let q be a(i). Suppose 14*u - 19*u + 625 = q. What is the tens digit of u?
2
Let g = 47 + -433. Let c = -56 - g. What is the tens digit of c?
3
What is the ten thousands digit of (14/(-28))/((-6 - (-293629)/146818) + 4)?
1
Let x(r) = 13*r - 3. Let i be x(-4). Suppose -10*w - 210 = -3*w. Let s = w - i. What is the units digit of s?
5
Let r = -822 + 824. Let v = 9 + -4. Suppose 5*k + 253 = 3*f - 560, 0 = v*f + r*k - 1324. What is the tens digit of f?
6
Let z(s) = 132*s**3 - 5*s**2 - s + 34. Let k(a) = a**2 + 9*a + 1. Let l be k(-8). Let p be z(l). What is the units digit of (-4)/(-22) - (p/33)/10?
8
Suppose 4*y + 12 = 3*v, 0 = 4*v + v - 3*y - 9. Let r(f) = 2*f - 3. Let g be r(4). Suppose -360 = -2*p - 3*d - v*d, 942 = g*p - 3*d. What is the tens digit of p?
8
Let u be (-82434)/(-110) - (-3)/5. What is the hundreds digit of (u - -3) + -1 + 104/(-26)?
7
Let s = -31 - -47. Suppose -2*f = 2*f, -2*t = -3*f + s. What is the hundreds digit of ((-70)/t)/(2/48)?
2
Let h = -196 + 207. Let g = h - -533. What is the hundreds digit of g?
5
Let k be (-10)/6*105/7. Let j(u) = 6*u + 282. Let p be j(-35). Let c = k + p. What is the units digit of c?
7
Let r(w) = -4774*w - 12100. What is the tens digit of r(-5)?
7
Let w(y) be the first derivative of -1/4*y**4 - 10/3*y**3 - 15 + 17/2*y**2 - 7*y. What is the tens digit of w(-12)?
7
Let v = 523 + -501. Suppose -4*w - v*w = -44460. What is the units digit of w?
0
Let v(o) = -10 + 12 + 9 - 2*o + 2*o**2 + 0*o**2. Let d be v(-8). Suppose -3*n + d = 2*n. What is the units digit of n?
1
Suppose -3*t = -3*o - 48, 28 = -0*t + t - 4*o. Let a(k) = 70*k - 94. What is the hundreds digit of a(t)?
7
Suppose 3*j - 4*g = -9, 2*g + 2*g = 0. Let l be (-14)/(-2) + (0 - -1) + j. Suppose -4*c + 266 = 2*n - 6*c, 5*c = -l*n + 715. What is the units digit of n?
8
Let h = 6859 + -1220. What is the thousands digit of h?
5
Let l(m) = 1109*m**3 + 3*m**2 - 5*m - 18. What is the tens digit of l(3)?
3
Suppose u = -5*l + 517, -2*u - l = l - 1058. Suppose 6*a - 2*w = 3*a + u, -3*a + 3*w + 531 = 0. What is the hundreds digit of a?
1
Let l(c) = -2*c + 25. Let t be l(9). What is the units digit of (384496/88)/t + 4/(-22)?
4
Let r be (-4)/(-56)*7 - 22/(-4). What is the units digit of (3 - r)/(2/(-2))?
3
Let w(p) = 9507*p**2 + 3*p + 2. What is the tens digit of w(1)?
1
Let g(b) = 3741*b - 241. What is the thousands digit of g(6)?
2
Let z = 1415 - 616. Suppose 2*y - z - 281 = 4*k, -3*y - 3*k + 1620 = 0. What is the units digit of y?
0
Let x(u) = -6*u**2 + 4*u**2 - 12*u + 3*u**2 + 30. Let l be x(9). Suppose -l*d + 139 = -167. What is the hundreds digit of d?
1
Let c(d) be the second derivative of 73*d**4/12 - 2*d**2 - 3*d + 21. What is the hundreds digit of c(-2)?
2
Suppose 0 = -0*i + 5*i - 1140. Let j be 4/(-6)*-3 + -24 + 26. Suppose -j*t = -i - 156. What is the units digit of t?
6
Suppose -18*d - 12*d - 16*d + 107088 = 0. What is the hundreds digit of d?
3
Suppose 4*b + 4*c - 85260 = 0, -6 = -4*c + 10. What is the thousands digit of b?
1
Let f(z) = 5*z**3 - 10*z**2 + z - 5. Let c(u) = u**3 - 2*u**2 - u + 1. Let l(x) = 6*c(x) - f(x). Let o be (-33)/(-7) + 4/14. What is the tens digit of l(o)?
5
Let k = -64 + 66. Suppose 2*s - 6*s - f + 686 = 0, -354 = -2*s + 5*f. Suppose r - 5*v = s + 51, k*r = -4*v + 418. What is the tens digit of r?
1
Let j(s) = 10983*s**3 - 7*s**2 - 5*s + 6. What is the hundreds digit of j(1)?
9
Suppose 0 = -4*k - 4*k - 10*k + 128160. What is the units digit of k?
0
Suppose 0 = -3*d - 70*y + 71*y + 19, 5*y = -20. Suppose 3*h = -4*j + 679, 4*h = j + 2*j + 922. Suppose 5 = 2*u - d, 3*s = -2*u + h. What is the tens digit of s?
7
Let g = -120 - -122. Let u be (1 - -6) + g*(-5)/(-5). Suppose 14*o - u*o + 59 = x, -2*o = 0. What is the units digit of x?
9
Suppose 5*o = 8*o + 16*o - 305178. What is the units digit of o?
2
What is the hundreds digit of (26*10/(-60))/((-2)/14508)?
4
What is the hundreds digit of -7*(23686/(-42) - 18/54)?
9
Suppose w = 36 - 11. Suppose w*s - 19*s = 12. Suppose p = s*p - 93. What is the units digit of p?
3
Suppose 28*s + 26719 - 14802 = 178069. What is the units digit of s?
4
Suppose -3*w + 5*k = -88273, -4*w + 106574 = -k - 11163. What is the ten thousands digit of w?
2
Suppose -44*v + 468443 = -2921449. What is the thousands digit of v?
7
Let h(m) = 17*m + 69*m**2 + 4*m - 12 + 4*m + m**3 - 82*m**2. What is the tens digit of h(15)?
1
Suppose 5*x - 33472 = -22*q + 21*q, -5*x + 4*q = -33512. What is the hundreds digit of x?
6
Let d be (-1 + 6/4)/(53/424). Suppose 20 = -d*r, 4*c = -2*r + 6*r + 380. What is the units digit of c?
0
Let x be -1 - -3 - (-8)/(24/(-171)). Let b be -1 + 2/8 + x/(-20). What is the units digit of 130/60 + b/(-12)?
2
Let c be (-1)/2 + 2 + (-108)/(-8). Let d be -18*(-2 - (-20)/c). Suppose -s - 55 = -d*s. What is the units digit of s?
5
Suppose 0 = 4*b - 5*o + 208, -5*o + 16 = -o. Let n = 59 + b. What is the units digit of 9/3*20/n*1?
5
Let w(m) = -142*m - 117*m + 2*m**2 + 9 + 348*m + 90 - 154*m. What is the hundreds digit of w(33)?
1
Let w be (24/(-20))/((-4)/(-50)*5). Suppose 32 = -i - 74. What is the hundreds digit of 1/(-4 - w)*i?
1
Let m(q) = 23*q**3 + 58*q**2 - 359*q + 11. What is the thousands digit of m(11)?
3
Let j = 827 + -818. Suppose -6*o - 2034 = -j*o. What is the units digit of o?
8
Let n(p) be the first derivative of p**4/4 + 17*p**3/3 - 21*p**2 - 8*p + 44. What is the tens digit of n(-19)?
6
Let d(p) = -197*p + 10. Let q be d(-2). Suppose -5*y + 2*y + q = 4*a, 2*a = -y + 132. What is the hundreds digit of y?
1
Let w = 7 - 0. Let r(k) = 70*k - 84. What is the units digit of r(w)?
6
Suppose -30*v + 27*v = -5*x - 99827, 4*v = -4*x + 133124. What is the units digit of v?
9
Suppose -2*s = -7*s - 4*g + 121926, -4*s = 9*g - 97506. What is the units digit of s?
0
What is the tens digit of 605*(-115*(-10)/25)/(-2 - -4)?
1
Suppose 4*y + 299 = 4*a + 263, 2*y + 23 = 3*a. Let h(x) = -24*x + 6 - 4 + 25. What is the units digit of h(y)?
3
Let r(f) = f**2 + 37*f - 73. Let j be r(-39). What is the hundreds digit of ((-150)/j)/6 + 228?
2
Suppose -7610 = -y - 2*r, -7*y + 5*r = -2*y - 38095. What is the hundreds digit of y?
6
Suppose 0*z + 4*t = 5*z - 32697, 0 = -5*z - 2*t + 32709. What is the hundreds digit of z?
5
Let p be 1 + -4 - (-7 - -46). Let f(g) = 2*g**2 - 46*g + 34. Let x be f(18). Let c = p - x. What is the units digit of c?
4
Suppose 0 = -5*i + 45 - 20, 2*f = 3*i + 13. Let p be f - (1 - 2 - 0). Suppose -17*q + 24 = -p*q. What is the units digit of q?
2
Let p be 2/(-4)*(-371 + 3). Suppose 4*q + p - 1720 = 0. What is the tens digit of q?
8
Suppose 210*p - 206*p - 86996 = 4*k, 4*p + 4*k - 86964 = 0. What is the ten thousands digit of p?
2
Let f be (-2)/(-16) - (0 + (-167)/8). Suppose 3 = -r, 3*r + f = -v + 3*v. Suppose -v*o = 3*o - 648. What is the units digit of o?
2
Let o be ((-3)/1)/(138/60812). What is the units digit of (-5)/(-10) - 1/(4/o)?
1
Suppose 0 = -2*v + 2 + 4, 5*h = -4*v + 22. Suppose h*w - 262 = -0*w. What is the units digit of w?
1
Let l = 1 + 3. Suppose x - l*f + 4 = 0, x - 6 = -f - 0*f. Suppose 5*p = 5*r + 410, 3*p - x*p + 4*r + 94 = 0. What is the tens digit of p?
7
Suppose 1072 - 22 = 10*i. Let d = -82 + i. What is the units digit of d?
3
Suppose -3*l - 500 = -137. Let q = 574 - l. Suppose 3*z + 5*w - q = 0, -4*z = w - 1229 + 274. What is the units digit of z?
0
Let c = -5740 + 5741. Let a(j) be the first derivative of 5*j**4/4 + j**3/3 - j - 1. What is the units digit of a(c)?
5
What is the thousands digit of (-37 - -38)*-20*8542/(-4)?
2
Suppose 0 = -5*i - 2*z + 11, -6*z + 11*z + 10 = 0. Let b(k) = -i*k - 37 + 7*k + 6*k + 3*k. What is the tens digit of b(8)?
6
Suppose -2*a + 16*a - 196 = 0. Suppose -a*y - 694 = -16*y. What is the units digit of y?
7
Let n(d) = 117*d**2 + 14*d + 7. Let i(q) = 176*q**2 + 21*q + 10. Let a(k) = 5*i(k) - 7*n(k). What is the tens digit of a(-3)?
2
What is the ten thousands digit of ((-144564)/(-18) 